 1). What is the greatest common factor of w and 3?
3
Let s = 76 - -9. What is the greatest common divisor of s and 17?
17
Let z(r) = -r**3 - 8*r**2 - 19*r - 8. Let h be z(-6). Calculate the greatest common factor of 85 and h.
17
Suppose 0 = -4*j + 253 - 53. What is the greatest common divisor of 20 and j?
10
Let o(v) = 2*v + 3. Let q be o(-3). Let r = q - -3. Suppose -5*j = -r*j - 100. What is the greatest common factor of 5 and j?
5
Let o = -57 - -66. Calculate the greatest common factor of o and 144.
9
Let y be 1569/15 - 4/(-10). What is the greatest common factor of 35 and y?
35
Let w be 1*(62 + 4) - -4. What is the greatest common factor of w and 14?
14
Suppose -5*y = -2*y - 5*l - 21, -5*l = 2*y - 39. What is the greatest common factor of y and 6?
6
Let v be (8*3 - 2) + 4. Calculate the greatest common factor of 65 and v.
13
Let r = -31 - -41. Calculate the greatest common divisor of r and 25.
5
Suppose -3*c = 4*v - 60, -c - v + 60 = 2*c. Let a(n) = -4*n + 2. Let f be a(-7). Calculate the greatest common factor of c and f.
10
Suppose 4*r - 201 = 3*y, -141 = -3*r + 2*y + 10. Calculate the greatest common divisor of r and 17.
17
Let g = 3 + 1. Let y = 67 + -35. Calculate the highest common factor of g and y.
4
Let w be 613/5 + (-2)/(-5). Calculate the greatest common factor of 82 and w.
41
Let d(k) = -k**2 + 8*k + 8. Let l = 7 + 1. Let y be d(l). What is the greatest common factor of y and 20?
4
Let a = 10 - 5. Let h(t) = 2*t**2 - 5*t + 5. Let n be h(a). Calculate the greatest common factor of 3 and n.
3
Suppose -18 = -5*m + 3*g, -3*m + 2 + 4 = 3*g. Suppose -3*z - 5 = -3*x - 17, m*z = -3. Let u = 0 - x. Calculate the highest common divisor of u and 20.
5
Let j be (-107)/(-4) - (-4)/16. Suppose -q + 2*q = j. Calculate the highest common factor of 18 and q.
9
Let w(x) be the first derivative of 3*x**2/2 + 4*x + 2. Let m be w(3). What is the highest common divisor of m and 39?
13
Suppose -9*o + 5*o = -8. Suppose 2*d - 3*f - o*f = 266, 0 = 5*d - 4*f - 648. Calculate the highest common factor of 16 and d.
16
Let n be 910/4 - (2 + (-10)/4). What is the greatest common factor of 57 and n?
57
Suppose 3 = 2*m + f, -4*m - 2*f = -5*f - 21. Let d be 5/m + (-3)/(-9). Suppose -62 = -d*l - 2*j, 6*j = 4*j + 6. What is the greatest common factor of l and 42?
14
Let x be 240/40 + (1 + -2)*2. What is the highest common factor of x and 28?
4
Suppose 60 = 4*s - 3*u, -s = -2*s - u + 22. Calculate the highest common factor of 72 and s.
18
Suppose 0 = -3*d + 5*z + 75, 5*z = d + 4*z - 23. What is the highest common factor of 50 and d?
10
Let n be (10/4)/((-9)/54)*-1. What is the greatest common divisor of n and 60?
15
Let i = -11 - -18. Let c be ((-6)/i)/((-2)/14). Suppose -2*h + 2*j + 12 = 0, 5*h - c*j - 31 = -2*j. What is the greatest common factor of h and 14?
7
Let t = 17 - 17. Suppose t = 3*i - 8*i + 10. Calculate the highest common factor of 5 and i.
1
Let m be ((-6)/8)/((-5)/1400). Calculate the highest common factor of m and 84.
42
Let d be (2 - 3)*(2 - 15). Suppose 3*j = -0*c + c + 13, 5*j - 35 = 5*c. Suppose -j*a - q = -37, -q - 3*q = 8. What is the highest common divisor of d and a?
13
Suppose -5*i = 3*x - 82, -2*i - 4*x + 30 = -i. What is the greatest common divisor of i and 21?
7
Suppose -97 = 8*w - 577. What is the highest common divisor of 24 and w?
12
Let s = -7 + -63. Let q = s + 98. What is the highest common divisor of 7 and q?
7
Suppose b = 1, 2*o - b + 5*b - 40 = 0. What is the greatest common divisor of o and 126?
18
Let h(a) = a**2 - 9*a - 6. Let m be h(10). Suppose 0 = -o + 2 - 4, m*w + 3*o = 34. What is the greatest common divisor of w and 80?
10
Let f(m) be the first derivative of -45*m**2/2 + 1. Let a be f(-1). Let c = 10 - -5. What is the greatest common factor of c and a?
15
Let p(a) = -17*a - 3 - 4*a - 2 + 2*a. Let r be p(-2). Calculate the greatest common divisor of r and 33.
33
Suppose -4*c = -2*d - 16, -4*d + 30 = 3*c - d. Let m be 23 + -2*c/4. Calculate the greatest common divisor of 30 and m.
10
Suppose 4*c - 36 + 8 = 0. Let x be 21*((-28)/12)/(-7). What is the highest common factor of c and x?
7
Let u(i) = 10*i + 15. Let d be u(16). What is the greatest common factor of 25 and d?
25
Suppose 5*y + 25 = 10*y. Suppose 4*t - y*v - 33 = -2*v, -8 = -t + v. Calculate the greatest common factor of 6 and t.
3
Suppose 6*h - 3*h + 13 = -q, -2*h = 0. Let z = q + 47. What is the greatest common divisor of 17 and z?
17
Suppose s + 4 = p - 3*p, -2*p = 2*s. Suppose 0*h = q + 3*h - 10, -5*q + h + 50 = 0. Calculate the highest common factor of s and q.
2
Suppose 0*k + k = 5. Suppose -a = -6*a + k. What is the highest common divisor of 8 and a?
1
Let j(u) = -7*u - 1. Let z be j(1). Let r = 17 + z. Calculate the highest common factor of 6 and r.
3
Let r = 5 - 1. What is the greatest common factor of r and 32?
4
Suppose -58 = -5*z + 3*a + a, 5 = z - 3*a. Let u be (-6)/(-21) - (-94)/z. Calculate the highest common divisor of u and 77.
7
Let w = 108 + -88. Calculate the highest common factor of 70 and w.
10
Let f = 119 - -43. Suppose 5*r + 5*g - 90 = 0, g - 15 = -4*r + 57. What is the highest common factor of r and f?
18
Let d be 964/10 + 8/(-20). Let f = 607 + d. Suppose 4*l - 3*o - 918 = 0, o + 4*o = -3*l + f. What is the greatest common factor of 21 and l?
21
Suppose 3*c + c + 28 = 0. Let g(m) = -3*m**2 - 3 + 2*m**2 + 2*m**2 + 6*m. Let y be g(c). Calculate the greatest common factor of y and 28.
4
Suppose 0*q = 2*q. Suppose -9 = -s + 2*m - 4, 0 = s + m - 5. Suppose 3*w - s*y = -0*w + 16, -w + 3*y + 8 = q. Calculate the highest common divisor of 16 and w.
2
Let c(z) = -z**2 - 7*z + 6. Let d(b) = -b**3 - 5*b**2 + b - 2. Let u = -9 - -4. Let m be d(u). Let p be c(m). What is the highest common factor of p and 12?
6
Let o(n) = n + 13. Let d be o(-5). Let z be -3 + -1 + 3 + 65. Calculate the greatest common divisor of d and z.
8
Suppose -2*h - 6 = -5*h. Suppose -h*v + 16 = -14. Let g be 4/(-5)*v/(-6). What is the highest common factor of g and 22?
2
Suppose 21*g = 22*g + 242. Let d be 3/(-6)*g + 0. Calculate the greatest common factor of d and 11.
11
Suppose 0 = z + z. Suppose z = -3*v + 151 + 74. Calculate the greatest common factor of v and 25.
25
Let n be 1/(-10)*-22*5. Let c be 123/11 - 2/n. Let t(g) = -g**3 + 12*g**2 - 9*g + 6. Let b be t(c). What is the highest common factor of b and 42?
14
Let o(j) = 13*j**2 - 3*j - 2. Let m be o(-2). Let f = 10 - 2. Calculate the greatest common factor of f and m.
8
Suppose 41 = 3*j - 1. Let a = j + -8. Suppose 0 = -5*g + 3*g + 4. Calculate the greatest common factor of a and g.
2
Suppose -5*m - 23 = -l - 3*l, -3*m = l - 27. What is the greatest common factor of l and 18?
6
Let h = -49 - -59. What is the highest common divisor of h and 90?
10
Suppose 0 = 2*o + 10 - 34. What is the highest common divisor of o and 6?
6
Suppose 67*y - 73*y + 90 = 0. Suppose -6*r + 4*r + 120 = 0. What is the highest common factor of r and y?
15
Suppose j + 924 = 8*j. Calculate the greatest common divisor of 12 and j.
12
Suppose 0 = w - 0*w - 11. Let o = -68 - -112. What is the greatest common factor of o and w?
11
Let t = 196 + -127. Calculate the greatest common divisor of t and 23.
23
Let a(k) = k**2 - 9*k + 1. Let w be a(9). What is the highest common divisor of 4 and w?
1
Suppose 0 = -2*p - 10, -120 = 4*o - 3*p + 21. Let g = -21 - o. What is the greatest common factor of g and 72?
18
Suppose x - 5*x = -48. Suppose -x = -2*y - 2. Let g = 14 - -21. What is the highest common divisor of g and y?
5
Let p = 181 - 111. Suppose 1 = 2*t - 1. Let i be t*(2 + -3)*-28. Calculate the greatest common divisor of i and p.
14
Let d be -1 - 3*(-32)/6. Suppose 0 = k + 5, 0 = -4*s - s - 2*k + 1505. Let n = s - 168. Calculate the greatest common factor of n and d.
15
Let c be (-21)/(-84) + ((-63)/(-4) - 1). What is the highest common factor of c and 45?
15
Let k be (1/(-3))/((-15)/90). Suppose 5*g + 5*c = 5, 4*g - 4*c = 2 + k. Let b be -1 - (-6 + (-1 - -1)). Calculate the highest common factor of g and b.
1
Suppose -5*m = -5*z + 740, -2*m = -3*z + 3*m + 436. Calculate the highest common divisor of z and 19.
19
Suppose 2*s + 26 = 3*p + 2, 3*p + 2*s = 24. Let b(l) = l**2 - 2*l - 15. Let d be b(-7). What is the greatest common divisor of p and d?
